{"id":3079,"date":"2015-03-16T10:13:53","date_gmt":"2015-03-16T10:13:53","guid":{"rendered":"http:\/\/dureriskola.hu\/bay\/?page_id=3079"},"modified":"2015-03-17T07:25:43","modified_gmt":"2015-03-17T07:25:43","slug":"nevadonk-bay-zoltan","status":"publish","type":"page","link":"https:\/\/dureriskola.hu\/bay\/?page_id=3079","title":{"rendered":"N\u00e9vad\u00f3nk Bay Zolt\u00e1n"},"content":{"rendered":"<div class=\"fcbkbttn_buttons_block\" id=\"fcbkbttn_left\"><div class=\"fcbkbttn_button\">\n                            <a href=\"https:\/\/www.facebook.com\/\" target=\"_blank\">\n                                <img src=\"https:\/\/dureriskola.hu\/bay\/wp-content\/plugins\/facebook-button-plugin\/images\/standard-facebook-ico.png\" alt=\"Fb-Button\" \/>\n                            <\/a>\n                        <\/div><div class=\"fcbkbttn_like \"><fb:like href=\"https:\/\/dureriskola.hu\/bay\/?page_id=3079\" action=\"like\" colorscheme=\"dark\" layout=\"standard\" show-faces='false' width=\"225px\" size=\"small\"><\/fb:like><\/div><\/div><p style=\"text-align: center;\">\u00a0N\u00c9VAD\u00d3NK, BAY ZOLT\u00c1N 1900.j\u00falius 24-\u00e9n sz\u00fcletett a B\u00e9k\u00e9s megyei Gyulav\u00e1riban. Elemi iskol\u00e1it a sz\u00fcl\u0151faluj\u00e1ban\u00a0 v\u00e9gezte, majd Debrecenbe ker\u00fclt, ahol a Reform\u00e1tus Koll\u00e9giumban folytatta tanulm\u00e1nyait. Itt ismerkedett meg Szab\u00f3 L\u0151rinccel,\u00a0 Guly\u00e1s P\u00e1llal, s a XX.sz\u00e1zad nagy irodalmi egy\u00e9nis\u00e9geivel, mint Illy\u00e9s Gyul\u00e1val, N\u00e9meth L\u00e1szl\u00f3val, Zilahy Lajossal. Bayra nagy\u00a0 hat\u00e1ssal volt a m\u0171v\u00e9szet \u00e9s sok\u00e1ig nem tudott d\u00f6nteni, hogy a term\u00e9szet- vagy a\u00a0 t\u00e1rsadalomtudom\u00e1nyokat v\u00e1lassza-e\u00a0 \u00e9lethivat\u00e1sul. E\u00f6tv\u00f6s Lor\u00e1nd volt a d\u00f6nt\u0151b\u00edr\u00f3, mikor megismerkedett e remek fizikus munk\u00e1ss\u00e1g\u00e1val. A gimn\u00e1zium ut\u00e1n\u00a0 Budapestre ker\u00fclt, a P\u00e1zm\u00e1ny P\u00e9ter Tudom\u00e1nyegyetemen szerzett diplom\u00e1t. Egyetemi \u00e9vei alatt v\u00e9gig tagja volt az E\u00f6tv\u00f6s-\u00a0 koll\u00e9giumnak, amely a tehets\u00e9ges fiatalok k\u00e9pz\u00e9s\u00e9nek adott otthont. Egyetemi tanulm\u00e1nyainak befejez\u00e9se ut\u00e1n az Elm\u00e9leti\u00a0 Fizika Int\u00e9zetbe ker\u00fclt oktat\u00f3k\u00e9nt. 1926-ban a legmagasabb kit\u0171ntet\u00e9ssel szerezte meg a doktori fokozat\u00e1t fizik\u00e1b\u00f3l.\u00a0 Disszert\u00e1ci\u00f3ja az \u00e1tl\u00e1tsz\u00f3 k\u00f6zegek magnetooptik\u00e1j\u00e1nak molekul\u00e1ris elm\u00e9let\u00e9r\u0151l sz\u00f3lt, mellyel Bay csatlakozott a fizika \u00faj\u00a0 fejl\u0151d\u00e9si ir\u00e1ny\u00e1hoz, az Atomfizik\u00e1hoz. Bay tanulm\u00e1nyai befejez\u00e9se ut\u00e1n 4 \u00e9vet t\u00f6lt\u00f6tt Berlinben a Collegium Hungaricum \u00e9s a\u00a0 Notgemeinschaft der Deutschen Wissenschaften \u00f6szt\u00f6ndij\u00e1val.\u00a0\u00a0 A n\u00e9met f\u0151v\u00e1ros ebben az id\u0151ben \u00e9rte f\u00e9nykor\u00e1t, ugyanis nem kisebb fizikusok dolgoztak itt, mint Planck, Einstein,\u00a0 Schr\u00f6dinger, Laue. Itt tart\u00f3zkod\u00e1sa alatt kutat\u00f3munk\u00e1t folytatott a Phzsikalisch-Technische Reichsanhaltsban, ahol a\u00a0 hidrog\u00e9nmolekula folytonos sz\u00ednk\u00e9p\u00e9n alapul\u00f3, \u00faj, nagyenergi\u00e1j\u00fa ultraibolya f\u00e9nyforr\u00e1st fejlesztett ki. 1927-30 k\u00f6z\u00f6tt a berlini\u00a0 egyetem Fizikai-K\u00e9miai Int\u00e9zet\u00e9ben dolgozott Bodenstein mellett. Itt v\u00e9gzett k\u00eds\u00e9rlet\u00e9vel bizony\u00edtotta be el\u0151sz\u00f6r\u00a0 spektroszk\u00f3piai \u00faton, hogy az akt\u00edv nitrog\u00e9ng\u00e1z szabad nitrog\u00e9natomokat tartalmaz. Az eredm\u00e9nyek elismer\u00e9sek\u00e9nt Bayt\u00a0 kinevezt\u00e9k a szegedi egyetem Elm\u00e9leti Fizika Tansz\u00e9k\u00e9nek oktat\u00f3j\u00e1v\u00e1. Oktat\u00f3i tev\u00e9kenys\u00e9g\u00e9n k\u00edvul a nagyfesz\u00fclts\u00e9g\u0171\u00a0 g\u00e1zkis\u00fcl\u00e9sekkel foglalkozott. De nem csak oktatott, k\u00eds\u00e9rletezett, hanem Laue berlini vita\u00fcl\u00e9seinek mint\u00e1j\u00e1ra rendszeres\u00a0 f\u00f3rumokat szervezett az elm\u00e9leti \u00e9s k\u00eds\u00e9rleti fizika aktu\u00e1lis probl\u00e9m\u00e1ir\u00f3l. A g\u00e1zkis\u00fcl\u00e9sek vizsg\u00e1lata ut\u00e1n az elemi r\u00e9szecsk\u00e9k\u00a0 sz\u00e1ml\u00e1l\u00e1sa fel\u00e9 fordult figyelme. Bay m\u00edg Szegeden tev\u00e9kenykedett bar\u00e1ts\u00e1got k\u00f6t\u00f6tt Riesz Frigyessel, Haar Alfreddal, s nem\u00a0 utols\u00f3 sorban Szentgy\u00f6rgyi Alberttel. 936-ban a kutat\u00f3munk\u00e1t Budapesten a Tungsram Laborat\u00f3riumban \u00e9s a Budapesti\u00a0 M\u0171szaki Egyetemen folytatta. E labornak a t\u00f6bbivel ellent\u00e9tben rendk\u00edv\u00fcli el\u0151nyei voltak. Az anyagiakra nem lehetett panasz,\u00a0 se a j\u00f3l k\u00e9pzett g\u00e1rd\u00e1ra. 1946 \u00e9s 48 k\u00f6z\u00f6tt tudom\u00e1nyos munk\u00e1ss\u00e1g\u00e1nak elismer\u00e9s\u00e9\u00fcl megv\u00e1lasztott\u00e1k a Magyar Tudom\u00e1nyos\u00a0 Akad\u00e9mia Matematikai \u00e9s Term\u00e9szettudom\u00e1nyi Oszt\u00e1lya eln\u00f6k\u00e9nek. A csillag\u00e1szat ir\u00e1nt mindig is \u00e9rdekl\u0151d\u00f6tt, s mindig kellemes eml\u00e9ket jelentett sz\u00e1m\u00e1ra mikor visszaeml\u00e9kezett arra,\u00a0 hogy 10 \u00e9vesen l\u00e1thatta a Halley-\u00fcst\u00f6k\u00f6st. Egyetemi \u00e9vei alatt t\u00e1vcs\u00f6vet \u00e9p\u00edtett, megfigyelhette a Jupiter holdjait, megismerte\u00a0 a csillagk\u00e9peket \u00e9s a Hold t\u00e1jait. \u00cdgy nem is csoda, hogy mikor megismerte a mikrohull\u00e1m\u00fa radartechnik\u00e1t, r\u00f6gt\u00f6n az \u00f6tl\u00f6tt a\u00a0 fej\u00e9be, e technik\u00e1val ki lehet jutni az \u0171rb\u0151l \u00e9s el lehet \u00e9rni a Holdat. Kidolgozott egy elvi megold\u00e1st, amit\u0151l nem t\u00e9rt el a\u00a0 neh\u00e9zs\u00e9gek ellen\u00e9re sem, s v\u00e9g\u00fcl 1946.02.06-\u00e1n kijelenthett\u00e9k, megradarozt\u00e1k a Holdat. Hab\u00e1r m\u00e1r egy h\u00f3nappal el\u0151tte az\u00a0 Egyes\u00fclt \u00c1llamokban hasonl\u00f3 eredm\u00e9nyre jutottak, de ez nem cs\u00f6kkenti Bay \u00e9s t\u00e1rsai \u00e9rdemeit, elv\u00e9gre ok a h\u00e1bor\u00fas id\u0151kben,\u00a0 az amerikaiak\u00e9n\u00e1l nehezebb k\u00f6r\u00fclm\u00e9nyek k\u00f6z\u00f6tt v\u00e9gezt\u00e9k k\u00eds\u00e9rleteiket, s sz\u0171k\u00f6sebb anyagi keret \u00e1llt rendelkez\u00e9s\u00fckre is. A\u00a0 radarcsillag\u00e1szat t\u00f6rt\u00e9net\u00edr\u00f3i Bayt e tudom\u00e1ny\u00e1g &#8222;sz\u00fcl\u0151atyj\u00e1nak &#8221; tartj\u00e1k \u00e9s nevezik. 1948-ban elfogadta a George Washington\u00a0 Egyetem megh\u00edv\u00e1s\u00e1t \u00e9s az ottani egyetemen a k\u00eds\u00e9rleti fizika professzora lett. Hamarosan a gyorskoincidencia-k\u00eds\u00e9rletekkel\u00a0 kezdett foglalkozni. Emelett Szentgy\u00f6rgyi Albert mellett biofizikai probl\u00e9m\u00e1kkal is foglalkozott. Bay Zolt\u00e1n egyes\u00fclt \u00e1llamokbeli\u00a0 kutat\u00f3i tev\u00e9kenys\u00e9g\u00e9nek legfontosabb m\u00e9rf\u00f6ldk\u00f6ve k\u00e9ts\u00e9gk\u00edv\u00fcl a Nemzeti Szabv\u00e1ny\u00fcgyi Hivatal volt, ahol a fizikatudom\u00e1nyok\u00a0 m\u00e1s ter\u00fcletein folytatta tanulm\u00e1nyait.\u00a0\u00a0 1955-tol 1972-ig dolgozott itt. Mikor a l\u00e9zer bevonult a k\u00eds\u00e9rleti fizik\u00e1ba, o is \u00e9rdekl\u0151d\u00e9ssel fordult fel\u00e9je. A f\u00e9nysebess\u00e9g\u00a0 m\u00e9r\u00e9s\u00e9nek \u00faj lehet\u0151s\u00e9g\u00e9t l\u00e1tta ezen eszk\u00f6zben. S ez lett a m\u00e9r\u00e9stan \u00faj m\u00e9rf\u00f6ldk\u00f6ve is. Publik\u00e1ci\u00f3iban kitart\u00f3an harcolt a\u00a0 f\u00e9nysebess\u00e9gen alapul\u00f3 egys\u00e9ges id\u0151-hossz\u00fas\u00e1g standard bevezet\u00e9s\u00e9\u00e9rt. Bay maga is megjegyezte, hogy eddigi p\u00e1lyafut\u00e1sa\u00a0 sor\u00e1n soha nem \u00fctk\u00f6z\u00f6tt ekkora ellen\u00e1ll\u00e1sba, mint a standardiz\u00e1l\u00e1si rendszer. A 70-es \u00e9vekben sorra \u00e9rik a kit\u00fcntet\u00e9sek a vil\u00e1g\u00a0 nagy egyetemein. A Magyar Tudom\u00e1nyos Akad\u00e9mia \u00e9s az E\u00f6tv\u00f6s Lor\u00e1nd Fizikai T\u00e1rsulat is tiszteletbeli tagg\u00e1 nyilv\u00e1n\u00edtotta.\u00a0 1981 m\u00e1jus\u00e1ban tartotta sz\u00e9kfoglal\u00f3it, melyek a radarcsillag\u00e1szatr\u00f3l, a speci\u00e1lis relativit\u00e1selm\u00e9letr\u0151l \u00e9s a f\u00e9nysebess\u00e9g\u00a0 \u00e1lland\u00f3s\u00e1g\u00e1r\u00f3l sz\u00f3lt. Bay m\u00e1r 1965 \u00f3ta harcolt az \u00faj m\u00e9rt\u00e9kegys\u00e9grendszer bevezet\u00e9s\u00e9\u00e9rt, s 1983-ban v\u00e9gre be is k\u00f6vetkezett\u00a0 ez. A S\u00falyok \u00e9s M\u00e9rt\u00e9kegys\u00e9gek Nemzetk\u00f6zi Konferenci\u00e1ja P\u00e1rizsban tartotta 17.-ik \u00fcl\u00e9s\u00e9t, ahol elfogadt\u00e1k az egys\u00e9ges\u00a0 rendszert \u00e9s meg\u00e1llap\u00edtott\u00e1k: A m\u00e9ter a f\u00e9ny \u00e1ltal a v\u00e1kuumban a m\u00e1sodperc 1\/229792456-od r\u00e9sze alatt megtett \u00fat hossza.\u00a0 1990-ben, 90. sz\u00fclet\u00e9snapj\u00e1n Gyula v\u00e1ros tiszteletbeli polg\u00e1r\u00e1v\u00e1 v\u00e1lasztott\u00e1k s \u00e1tvehette a Magyar K\u00f6zt\u00e1rsas\u00e1g Rubintokkal\u00a0 \u00c9kes\u00edtett Z\u00e1szl\u00f3rendj\u00e9t. 1992. okt\u00f3ber 4-\u00e9n Washingtonban hunyt el. V\u00e9gakarata szerint hamvait hazasz\u00e1ll\u00edtott\u00e1k \u00e9s\u00a0 sz\u00fcl\u0151f\u00f6ldj\u00e9n, Gyulav\u00e1riban temett\u00e9k el 1993.\u00e1prilis 10-\u00e9n.<\/p>\n<p style=\"text-align: center;\">\u201eHa az \u00e9let\u00fcnkben van valami \u00e9rt\u00e9k, az abb\u00f3l van,Hogy valamit meg tudunk menteni a gyermekkorunkb\u00f3l.\u201d (Bay Zolt\u00e1n)<\/p>\n","protected":false},"excerpt":{"rendered":"<p>\u00a0N\u00c9VAD\u00d3NK, BAY ZOLT\u00c1N 1900.j\u00falius 24-\u00e9n sz\u00fcletett a B\u00e9k\u00e9s megyei Gyulav\u00e1riban. Elemi iskol\u00e1it a sz\u00fcl\u0151faluj\u00e1ban\u00a0 v\u00e9gezte, majd Debrecenbe ker\u00fclt, ahol a Reform\u00e1tus Koll\u00e9giumban folytatta tanulm\u00e1nyait. Itt ismerkedett meg Szab\u00f3 L\u0151rinccel,\u00a0 Guly\u00e1s P\u00e1llal, s a XX.sz\u00e1zad nagy irodalmi egy\u00e9nis\u00e9geivel, mint Illy\u00e9s Gyul\u00e1val, N\u00e9meth L\u00e1szl\u00f3val, Zilahy Lajossal. Bayra nagy\u00a0 hat\u00e1ssal volt a m\u0171v\u00e9szet \u00e9s sok\u00e1ig nem tudott d\u00f6nteni, [&hellip;]<\/p>\n","protected":false},"author":1,"featured_media":0,"parent":123,"menu_order":0,"comment_status":"closed","ping_status":"closed","template":"","meta":{"footnotes":""},"_links":{"self":[{"href":"https:\/\/dureriskola.hu\/bay\/index.php?rest_route=\/wp\/v2\/pages\/3079"}],"collection":[{"href":"https:\/\/dureriskola.hu\/bay\/index.php?rest_route=\/wp\/v2\/pages"}],"about":[{"href":"https:\/\/dureriskola.hu\/bay\/index.php?rest_route=\/wp\/v2\/types\/page"}],"author":[{"embeddable":true,"href":"https:\/\/dureriskola.hu\/bay\/index.php?rest_route=\/wp\/v2\/users\/1"}],"replies":[{"embeddable":true,"href":"https:\/\/dureriskola.hu\/bay\/index.php?rest_route=%2Fwp%2Fv2%2Fcomments&post=3079"}],"version-history":[{"count":2,"href":"https:\/\/dureriskola.hu\/bay\/index.php?rest_route=\/wp\/v2\/pages\/3079\/revisions"}],"predecessor-version":[{"id":3116,"href":"https:\/\/dureriskola.hu\/bay\/index.php?rest_route=\/wp\/v2\/pages\/3079\/revisions\/3116"}],"up":[{"embeddable":true,"href":"https:\/\/dureriskola.hu\/bay\/index.php?rest_route=\/wp\/v2\/pages\/123"}],"wp:attachment":[{"href":"https:\/\/dureriskola.hu\/bay\/index.php?rest_route=%2Fwp%2Fv2%2Fmedia&parent=3079"}],"curies":[{"name":"wp","href":"https:\/\/api.w.org\/{rel}","templated":true}]}}

Névadónk Bay Zoltán

<div class="fcbkbttn_buttons_block" id="fcbkbttn_left"><div class="fcbkbttn_button">
                            <a href="https://www.facebook.com/" target="_blank">
                                <img src="https://dureriskola.hu/bay/wp-content/plugins/facebook-button-plugin/images/standard-facebook-ico.png" alt="Fb-Button" />
                            </a>
                        </div><div class="fcbkbttn_like "><fb:like href="https://dureriskola.hu/bay/?page_id=3079" action="like" colorscheme="dark" layout="standard" show-faces='false' width="225px" size="small"></fb:like></div></div><p style="text-align: center;"> NÉVADÓNK, BAY ZOLTÁN 1900.július 24-én született a Békés megyei Gyulaváriban. Elemi iskoláit a szülőfalujában  végezte, majd Debrecenbe került, ahol a Református Kollégiumban folytatta tanulmányait. Itt ismerkedett meg Szabó Lőrinccel,  Gulyás Pállal, s a XX.század nagy irodalmi egyéniségeivel, mint Illyés Gyulával, Németh Lászlóval, Zilahy Lajossal. Bayra nagy  hatással volt a művészet és sokáig nem tudott dönteni, hogy a természet- vagy a  társadalomtudományokat válassza-e  élethivatásul. Eötvös Loránd volt a döntőbíró, mikor megismerkedett e remek fizikus munkásságával. A gimnázium után  Budapestre került, a Pázmány Péter Tudományegyetemen szerzett diplomát. Egyetemi évei alatt végig tagja volt az Eötvös-  kollégiumnak, amely a tehetséges fiatalok képzésének adott otthont. Egyetemi tanulmányainak befejezése után az Elméleti  Fizika Intézetbe került oktatóként. 1926-ban a legmagasabb kitűntetéssel szerezte meg a doktori fokozatát fizikából.  Disszertációja az átlátszó közegek magnetooptikájának molekuláris elméletéről szólt, mellyel Bay csatlakozott a fizika új  fejlődési irányához, az Atomfizikához. Bay tanulmányai befejezése után 4 évet töltött Berlinben a Collegium Hungaricum és a  Notgemeinschaft der Deutschen Wissenschaften ösztöndijával.   A német főváros ebben az időben érte fénykorát, ugyanis nem kisebb fizikusok dolgoztak itt, mint Planck, Einstein,  Schrödinger, Laue. Itt tartózkodása alatt kutatómunkát folytatott a Phzsikalisch-Technische Reichsanhaltsban, ahol a  hidrogénmolekula folytonos színképén alapuló, új, nagyenergiájú ultraibolya fényforrást fejlesztett ki. 1927-30 között a berlini  egyetem Fizikai-Kémiai Intézetében dolgozott Bodenstein mellett. Itt végzett kísérletével bizonyította be először  spektroszkópiai úton, hogy az aktív nitrogéngáz szabad nitrogénatomokat tartalmaz. Az eredmények elismeréseként Bayt  kinevezték a szegedi egyetem Elméleti Fizika Tanszékének oktatójává. Oktatói tevékenységén kívul a nagyfeszültségű  gázkisülésekkel foglalkozott. De nem csak oktatott, kísérletezett, hanem Laue berlini vitaüléseinek mintájára rendszeres  fórumokat szervezett az elméleti és kísérleti fizika aktuális problémáiról. A gázkisülések vizsgálata után az elemi részecskék  számlálása felé fordult figyelme. Bay míg Szegeden tevékenykedett barátságot kötött Riesz Frigyessel, Haar Alfreddal, s nem  utolsó sorban Szentgyörgyi Alberttel. 936-ban a kutatómunkát Budapesten a Tungsram Laboratóriumban és a Budapesti  Műszaki Egyetemen folytatta. E labornak a többivel ellentétben rendkívüli előnyei voltak. Az anyagiakra nem lehetett panasz,  se a jól képzett gárdára. 1946 és 48 között tudományos munkásságának elismeréséül megválasztották a Magyar Tudományos  Akadémia Matematikai és Természettudományi Osztálya elnökének. A csillagászat iránt mindig is érdeklődött, s mindig kellemes emléket jelentett számára mikor visszaemlékezett arra,  hogy 10 évesen láthatta a Halley-üstököst. Egyetemi évei alatt távcsövet épített, megfigyelhette a Jupiter holdjait, megismerte  a csillagképeket és a Hold tájait. Így nem is csoda, hogy mikor megismerte a mikrohullámú radartechnikát, rögtön az ötlött a  fejébe, e technikával ki lehet jutni az űrből és el lehet érni a Holdat. Kidolgozott egy elvi megoldást, amitől nem tért el a  nehézségek ellenére sem, s végül 1946.02.06-án kijelenthették, megradarozták a Holdat. Habár már egy hónappal előtte az  Egyesült Államokban hasonló eredményre jutottak, de ez nem csökkenti Bay és társai érdemeit, elvégre ok a háborús időkben,  az amerikaiakénál nehezebb körülmények között végezték kísérleteiket, s szűkösebb anyagi keret állt rendelkezésükre is. A  radarcsillagászat történetírói Bayt e tudományág &#8222;szülőatyjának &#8221; tartják és nevezik. 1948-ban elfogadta a George Washington  Egyetem meghívását és az ottani egyetemen a kísérleti fizika professzora lett. Hamarosan a gyorskoincidencia-kísérletekkel  kezdett foglalkozni. Emelett Szentgyörgyi Albert mellett biofizikai problémákkal is foglalkozott. Bay Zoltán egyesült államokbeli  kutatói tevékenységének legfontosabb mérföldköve kétségkívül a Nemzeti Szabványügyi Hivatal volt, ahol a fizikatudományok  más területein folytatta tanulmányait.   1955-tol 1972-ig dolgozott itt. Mikor a lézer bevonult a kísérleti fizikába, o is érdeklődéssel fordult feléje. A fénysebesség  mérésének új lehetőségét látta ezen eszközben. S ez lett a méréstan új mérföldköve is. Publikációiban kitartóan harcolt a  fénysebességen alapuló egységes idő-hosszúság standard bevezetéséért. Bay maga is megjegyezte, hogy eddigi pályafutása  során soha nem ütközött ekkora ellenállásba, mint a standardizálási rendszer. A 70-es években sorra érik a kitüntetések a világ  nagy egyetemein. A Magyar Tudományos Akadémia és az Eötvös Loránd Fizikai Társulat is tiszteletbeli taggá nyilvánította.  1981 májusában tartotta székfoglalóit, melyek a radarcsillagászatról, a speciális relativitáselméletről és a fénysebesség  állandóságáról szólt. Bay már 1965 óta harcolt az új mértékegységrendszer bevezetéséért, s 1983-ban végre be is következett  ez. A Súlyok és Mértékegységek Nemzetközi Konferenciája Párizsban tartotta 17.-ik ülését, ahol elfogadták az egységes  rendszert és megállapították: A méter a fény által a vákuumban a másodperc 1/229792456-od része alatt megtett út hossza.  1990-ben, 90. születésnapján Gyula város tiszteletbeli polgárává választották s átvehette a Magyar Köztársaság Rubintokkal  Ékesített Zászlórendjét. 1992. október 4-én Washingtonban hunyt el. Végakarata szerint hamvait hazaszállították és  szülőföldjén, Gyulaváriban temették el 1993.április 10-én.</p>
<p style="text-align: center;">„Ha az életünkben van valami érték, az abból van,Hogy valamit meg tudunk menteni a gyermekkorunkból.” (Bay Zoltán)</p>

<p> NÉVADÓNK, BAY ZOLTÁN 1900.július 24-én született a Békés megyei Gyulaváriban. Elemi iskoláit a szülőfalujában  végezte, majd Debrecenbe került, ahol a Református Kollégiumban folytatta tanulmányait. Itt ismerkedett meg Szabó Lőrinccel,  Gulyás Pállal, s a XX.század nagy irodalmi egyéniségeivel, mint Illyés Gyulával, Németh Lászlóval, Zilahy Lajossal. Bayra nagy  hatással volt a művészet és sokáig nem tudott dönteni, [&hellip;]</p>
